{"id":560,"date":"2011-03-08T09:32:36","date_gmt":"2011-03-08T08:32:36","guid":{"rendered":"http:\/\/www.nico-maas.de\/wordpress\/?page_id=560"},"modified":"2021-07-31T11:09:27","modified_gmt":"2021-07-31T09:09:27","slug":"impressum","status":"publish","type":"page","link":"https:\/\/www.nico-maas.de\/?page_id=560","title":{"rendered":"Impressum"},"content":{"rendered":"<h2>Angaben gem\u00e4\u00df \u00a7 5 TMG:<\/h2><p>Nico Maas<br>Hausbacherstr. 81<br>66663 Merzig<br>Deutschland<\/p><h2>Kontakt:<\/h2><table><tr><td>Telefon: <\/td><td>+49 (0) 160 2563069<\/td><\/tr><tr><td>E-Mail: <\/td><td>mail@nico-maas.de<\/td><\/tr><\/table><p>Quelle: <em><a rel=\"nofollow\" href=\"http:\/\/www.e-recht24.de\/impressum-generator.html\">http:\/\/www.e-recht24.de<\/a><\/em><\/p>\n","protected":false},"excerpt":{"rendered":"","protected":false},"author":2,"featured_media":0,"parent":0,"menu_order":0,"comment_status":"closed","ping_status":"closed","template":"","meta":{"_crdt_document":"","jetpack_post_was_ever_published":false,"footnotes":""},"class_list":["post-560","page","type-page","status-publish","hentry"],"jetpack_sharing_enabled":false,"jetpack_shortlink":"https:\/\/wp.me\/PiXYf-92","jetpack-related-posts":[{"id":1812,"url":"https:\/\/www.nico-maas.de\/?page_id=1812","url_meta":{"origin":560,"position":0},"title":"Datenschutzerkl\u00e4rung","author":"Nico Maas","date":"16. January 2018","format":false,"excerpt":"Datenschutzerkl\u00e4rung Diese Datenschutzerkl\u00e4rung kl\u00e4rt Sie \u00fcber die Art, den Umfang und Zweck der Verarbeitung von personenbezogenen Daten (nachfolgend kurz \u201eDaten\u201c) innerhalb unseres Onlineangebotes und der mit ihm verbundenen Webseiten, Funktionen und Inhalte sowie externen Onlinepr\u00e4senzen, wie z.B. unser Social Media Profile auf (nachfolgend gemeinsam bezeichnet als \u201eOnlineangebot\u201c). Im Hinblick auf\u2026","rel":"","context":"Similar post","block_context":{"text":"Similar post","link":""},"img":{"alt_text":"","src":"","width":0,"height":0},"classes":[]}],"_links":{"self":[{"href":"https:\/\/www.nico-maas.de\/index.php?rest_route=\/wp\/v2\/pages\/560","targetHints":{"allow":["GET"]}}],"collection":[{"href":"https:\/\/www.nico-maas.de\/index.php?rest_route=\/wp\/v2\/pages"}],"about":[{"href":"https:\/\/www.nico-maas.de\/index.php?rest_route=\/wp\/v2\/types\/page"}],"author":[{"embeddable":true,"href":"https:\/\/www.nico-maas.de\/index.php?rest_route=\/wp\/v2\/users\/2"}],"replies":[{"embeddable":true,"href":"https:\/\/www.nico-maas.de\/index.php?rest_route=%2Fwp%2Fv2%2Fcomments&post=560"}],"version-history":[{"count":9,"href":"https:\/\/www.nico-maas.de\/index.php?rest_route=\/wp\/v2\/pages\/560\/revisions"}],"predecessor-version":[{"id":1811,"href":"https:\/\/www.nico-maas.de\/index.php?rest_route=\/wp\/v2\/pages\/560\/revisions\/1811"}],"wp:attachment":[{"href":"https:\/\/www.nico-maas.de\/index.php?rest_route=%2Fwp%2Fv2%2Fmedia&parent=560"}],"curies":[{"name":"wp","href":"https:\/\/api.w.org\/{rel}","templated":true}]}}